[INFO] cloning repository https://github.com/JacobZwang/yew-todo-app
[INFO] running `Command { std: "git" "-c" "credential.helper=" "-c" "credential.helper=/workspace/cargo-home/bin/git-credential-null" "clone" "--bare" "https://github.com/JacobZwang/yew-todo-app" "/workspace/cache/git-repos/https%3A%2F%2Fgithub.com%2FJacobZwang%2Fyew-todo-app", kill_on_drop: false }`
[INFO] [stderr] Cloning into bare repository '/workspace/cache/git-repos/https%3A%2F%2Fgithub.com%2FJacobZwang%2Fyew-todo-app'...
[INFO] running `Command { std: "git" "rev-parse" "HEAD", kill_on_drop: false }`
[INFO] [stdout] d720a39d9b18e7abe42686310a16d7448eb86270
[INFO] checking JacobZwang/yew-todo-app against master#af3c6e733a40e671550e0f0f5aeecaa13772ba56 for pr-74989
[INFO] running `Command { std: "git" "clone" "/workspace/cache/git-repos/https%3A%2F%2Fgithub.com%2FJacobZwang%2Fyew-todo-app" "/workspace/builds/worker-7/source", kill_on_drop: false }`
[INFO] [stderr] Cloning into '/workspace/builds/worker-7/source'...
[INFO] [stderr] done.
[INFO] validating manifest of git repo https://github.com/JacobZwang/yew-todo-app on toolchain af3c6e733a40e671550e0f0f5aeecaa13772ba56
[INFO] running `Command { std: "/workspace/cargo-home/bin/cargo" "+af3c6e733a40e671550e0f0f5aeecaa13772ba56" "read-manifest" "--manifest-path" "Cargo.toml", kill_on_drop: false }`
[INFO] started tweaking git repo https://github.com/JacobZwang/yew-todo-app
[INFO] finished tweaking git repo https://github.com/JacobZwang/yew-todo-app
[INFO] tweaked toml for git repo https://github.com/JacobZwang/yew-todo-app written to /workspace/builds/worker-7/source/Cargo.toml
[INFO] crate git repo https://github.com/JacobZwang/yew-todo-app already has a lockfile, it will not be regenerated
[INFO] running `Command { std: "/workspace/cargo-home/bin/cargo" "+af3c6e733a40e671550e0f0f5aeecaa13772ba56" "fetch" "--locked" "--manifest-path" "Cargo.toml", kill_on_drop: false }`
[INFO] running `Command { std: "docker" "create" "-v" "/var/lib/crater-agent-workspace/builds/worker-7/target:/opt/rustwide/target:rw,Z" "-v" "/var/lib/crater-agent-workspace/builds/worker-7/source:/opt/rustwide/workdir:ro,Z" "-v" "/var/lib/crater-agent-workspace/cargo-home:/opt/rustwide/cargo-home:ro,Z" "-v" "/var/lib/crater-agent-workspace/rustup-home:/opt/rustwide/rustup-home:ro,Z" "-e" "SOURCE_DIR=/opt/rustwide/workdir" "-e" "CARGO_TARGET_DIR=/opt/rustwide/target" "-e" "CARGO_HOME=/opt/rustwide/cargo-home" "-e" "RUSTUP_HOME=/opt/rustwide/rustup-home" "-w" "/opt/rustwide/workdir" "-m" "1610612736" "--user" "0:0" "--network" "none" "rustops/crates-build-env@sha256:d92eaeed33fa75130ca1ee6c8a01d1ffb62bac859dfdfb3450e3e5d1c0146529" "/opt/rustwide/cargo-home/bin/cargo" "+af3c6e733a40e671550e0f0f5aeecaa13772ba56" "metadata" "--no-deps" "--format-version=1", kill_on_drop: false }`
[INFO] [stderr] WARNING: Your kernel does not support swap limit capabilities or the cgroup is not mounted. Memory limited without swap.
[INFO] [stdout] 86e3019c1c9064ff8323fa55fdc818b2f42f4efbee9c45ceeb95f9e174a6d24c
[INFO] running `Command { std: "docker" "start" "-a" "86e3019c1c9064ff8323fa55fdc818b2f42f4efbee9c45ceeb95f9e174a6d24c", kill_on_drop: false }`
[INFO] running `Command { std: "docker" "inspect" "86e3019c1c9064ff8323fa55fdc818b2f42f4efbee9c45ceeb95f9e174a6d24c", kill_on_drop: false }`
[INFO] running `Command { std: "docker" "rm" "-f" "86e3019c1c9064ff8323fa55fdc818b2f42f4efbee9c45ceeb95f9e174a6d24c", kill_on_drop: false }`
[INFO] [stdout] 86e3019c1c9064ff8323fa55fdc818b2f42f4efbee9c45ceeb95f9e174a6d24c
[INFO] running `Command { std: "docker" "create" "-v" "/var/lib/crater-agent-workspace/builds/worker-7/target:/opt/rustwide/target:rw,Z" "-v" "/var/lib/crater-agent-workspace/builds/worker-7/source:/opt/rustwide/workdir:ro,Z" "-v" "/var/lib/crater-agent-workspace/cargo-home:/opt/rustwide/cargo-home:ro,Z" "-v" "/var/lib/crater-agent-workspace/rustup-home:/opt/rustwide/rustup-home:ro,Z" "-e" "SOURCE_DIR=/opt/rustwide/workdir" "-e" "CARGO_TARGET_DIR=/opt/rustwide/target" "-e" "CARGO_INCREMENTAL=0" "-e" "RUST_BACKTRACE=full" "-e" "RUSTFLAGS=--cap-lints=forbid" "-e" "CARGO_HOME=/opt/rustwide/cargo-home" "-e" "RUSTUP_HOME=/opt/rustwide/rustup-home" "-w" "/opt/rustwide/workdir" "-m" "1610612736" "--user" "0:0" "--network" "none" "rustops/crates-build-env@sha256:d92eaeed33fa75130ca1ee6c8a01d1ffb62bac859dfdfb3450e3e5d1c0146529" "/opt/rustwide/cargo-home/bin/cargo" "+af3c6e733a40e671550e0f0f5aeecaa13772ba56" "check" "--frozen" "--all" "--all-targets" "--message-format=json", kill_on_drop: false }`
[INFO] [stdout] f8059aeb92ab67526444628eb780f7417ec4212f8d0ec4aa2b3770558ea9e3f9
[INFO] [stderr] WARNING: Your kernel does not support swap limit capabilities or the cgroup is not mounted. Memory limited without swap.
[INFO] running `Command { std: "docker" "start" "-a" "f8059aeb92ab67526444628eb780f7417ec4212f8d0ec4aa2b3770558ea9e3f9", kill_on_drop: false }`
[INFO] [stderr]    Compiling proc-macro2 v1.0.18
[INFO] [stderr]    Compiling unicode-xid v0.2.1
[INFO] [stderr]    Compiling log v0.4.8
[INFO] [stderr]    Compiling lazy_static v1.4.0
[INFO] [stderr]     Checking cfg-if v0.1.10
[INFO] [stderr]    Compiling serde_derive v1.0.114
[INFO] [stderr]    Compiling proc-macro-nested v0.1.6
[INFO] [stderr]    Compiling serde v1.0.114
[INFO] [stderr]     Checking slab v0.4.2
[INFO] [stderr]     Checking pin-utils v0.1.0
[INFO] [stderr]    Compiling ryu v1.0.5
[INFO] [stderr]     Checking itoa v0.4.6
[INFO] [stderr]    Compiling serde_json v1.0.56
[INFO] [stderr]     Checking fnv v1.0.7
[INFO] [stderr]    Compiling indexmap v1.4.0
[INFO] [stderr]     Checking http v0.2.1
[INFO] [stderr]    Compiling quote v1.0.7
[INFO] [stderr]    Compiling syn v1.0.33
[INFO] [stderr]    Compiling wasm-bindgen-backend v0.2.64
[INFO] [stderr]    Compiling wasm-bindgen-macro-support v0.2.64
[INFO] [stderr]    Compiling pin-project-internal v0.4.22
[INFO] [stderr]    Compiling futures-macro v0.3.5
[INFO] [stderr]    Compiling thiserror-impl v1.0.20
[INFO] [stderr]    Compiling yew-macro v0.17.0
[INFO] [stderr]    Compiling wasm-bindgen-macro v0.2.64
[INFO] [stderr]     Checking thiserror v1.0.20
[INFO] [stderr]     Checking wasm-bindgen v0.2.64
[INFO] [stderr]     Checking js-sys v0.3.41
[INFO] [stderr]     Checking console_error_panic_hook v0.1.6
[INFO] [stderr]     Checking pin-project v0.4.22
[INFO] [stderr]     Checking futures-util v0.3.5
[INFO] [stderr]     Checking web-sys v0.3.41
[INFO] [stderr]     Checking wasm-bindgen-futures v0.4.14
[INFO] [stderr]     Checking futures-executor v0.3.5
[INFO] [stderr]     Checking futures v0.3.5
[INFO] [stderr]     Checking bincode v1.3.1
[INFO] [stderr]     Checking gloo-events v0.1.1
[INFO] [stderr]     Checking gloo-timers v0.2.1
[INFO] [stderr]     Checking gloo-console-timer v0.1.0
[INFO] [stderr]     Checking gloo-file v0.1.0
[INFO] [stderr]     Checking gloo v0.2.1
[INFO] [stderr]     Checking yew v0.17.2
[INFO] [stderr]     Checking todo_app v0.1.0 (/opt/rustwide/workdir)
[INFO] [stdout] error: only one root html element is allowed (hint: you can wrap multiple html elements in a fragment `<></>`)
[INFO] [stdout]   --> src/main.rs:35:9
[INFO] [stdout]    |
[INFO] [stdout] 35 | /         <div>
[INFO] [stdout] 36 | |             <button>{"Delete all Todos!"}</button>
[INFO] [stdout] 37 | |         </div>
[INFO] [stdout] 38 | |         <div>
[INFO] [stdout] 39 | |             <ul>
[INFO] [stdout] 40 | |             </ul>
[INFO] [stdout] 41 | |         </div>
[INFO] [stdout]    | |______________^
[INFO] [stdout]    |
[INFO] [stdout]    = note: this error originates in a macro (in Nightly builds, run with -Z macro-backtrace for more info)
[INFO] [stdout] 
[INFO] [stdout] 
[INFO] [stdout] error: only one root html element is allowed (hint: you can wrap multiple html elements in a fragment `<></>`)
[INFO] [stdout]   --> src/main.rs:35:9
[INFO] [stdout]    |
[INFO] [stdout] 35 | /         <div>
[INFO] [stdout] 36 | |             <button>{"Delete all Todos!"}</button>
[INFO] [stdout] 37 | |         </div>
[INFO] [stdout] 38 | |         <div>
[INFO] [stdout] 39 | |             <ul>
[INFO] [stdout] 40 | |             </ul>
[INFO] [stdout] 41 | |         </div>
[INFO] [stdout]    | |______________^
[INFO] [stdout]    |
[INFO] [stdout]    = note: this error originates in a macro (in Nightly builds, run with -Z macro-backtrace for more info)
[INFO] [stdout] 
[INFO] [stdout] 
[INFO] [stdout] error[E0412]: cannot find type `Context` in this scope
[INFO] [stdout]   --> src/main.rs:19:19
[INFO] [stdout]    |
[INFO] [stdout] 19 | fn update(_: &mut Context<Msg>, model: &mut Model, msg: Msg) {
[INFO] [stdout]    |                   ^^^^^^^ not found in this scope
[INFO] [stdout]    |
[INFO] [stdout] help: consider importing one of these items
[INFO] [stdout]    |
[INFO] [stdout] 4  | use core::task::Context;
[INFO] [stdout]    |
[INFO] [stdout] 4  | use std::task::Context;
[INFO] [stdout]    |
[INFO] [stdout] 4  | use yew::worker::Context;
[INFO] [stdout]    |
[INFO] [stdout] 
[INFO] [stdout] 
[INFO] [stdout] error[E0425]: cannot find function `program` in this scope
[INFO] [stdout]   --> src/main.rs:50:5
[INFO] [stdout]    |
[INFO] [stdout] 50 |     program(model, update, view);
[INFO] [stdout]    |     ^^^^^^^ not found in this scope
[INFO] [stdout] 
[INFO] [stdout] 
[INFO] [stdout] error[E0107]: wrong number of type arguments: expected 0, found 1
[INFO] [stdout]   --> src/main.rs:29:32
[INFO] [stdout]    |
[INFO] [stdout] 29 | fn view(model: &Model) -> Html<Msg> {
[INFO] [stdout]    |                                ^^^ unexpected type argument
[INFO] [stdout] 
[INFO] [stdout] 
[INFO] [stdout] error: aborting due to 4 previous errors
[INFO] [stdout] 
[INFO] [stdout] 
[INFO] [stdout] Some errors have detailed explanations: E0107, E0412, E0425.
[INFO] [stdout] 
[INFO] [stdout] For more information about an error, try `rustc --explain E0107`.
[INFO] [stdout] 
[INFO] [stderr] error: could not compile `todo_app`.
[INFO] [stderr] 
[INFO] [stderr] To learn more, run the command again with --verbose.
[INFO] [stderr] warning: build failed, waiting for other jobs to finish...
[INFO] [stdout] error[E0412]: cannot find type `Context` in this scope
[INFO] [stdout]   --> src/main.rs:19:19
[INFO] [stdout]    |
[INFO] [stdout] 19 | fn update(_: &mut Context<Msg>, model: &mut Model, msg: Msg) {
[INFO] [stdout]    |                   ^^^^^^^ not found in this scope
[INFO] [stdout]    |
[INFO] [stdout] help: consider importing one of these items
[INFO] [stdout]    |
[INFO] [stdout] 4  | use core::task::Context;
[INFO] [stdout]    |
[INFO] [stdout] 4  | use std::task::Context;
[INFO] [stdout]    |
[INFO] [stdout] 4  | use yew::worker::Context;
[INFO] [stdout]    |
[INFO] [stdout] 
[INFO] [stdout] 
[INFO] [stdout] error[E0425]: cannot find function `program` in this scope
[INFO] [stdout]   --> src/main.rs:50:5
[INFO] [stdout]    |
[INFO] [stdout] 50 |     program(model, update, view);
[INFO] [stdout]    |     ^^^^^^^ not found in this scope
[INFO] [stdout] 
[INFO] [stdout] 
[INFO] [stdout] error[E0107]: wrong number of type arguments: expected 0, found 1
[INFO] [stdout]   --> src/main.rs:29:32
[INFO] [stdout]    |
[INFO] [stdout] 29 | fn view(model: &Model) -> Html<Msg> {
[INFO] [stdout]    |                                ^^^ unexpected type argument
[INFO] [stdout] 
[INFO] [stdout] 
[INFO] [stdout] error: aborting due to 4 previous errors
[INFO] [stdout] 
[INFO] [stdout] 
[INFO] [stdout] Some errors have detailed explanations: E0107, E0412, E0425.
[INFO] [stdout] 
[INFO] [stdout] For more information about an error, try `rustc --explain E0107`.
[INFO] [stdout] 
[INFO] [stderr] error: build failed
[INFO] running `Command { std: "docker" "inspect" "f8059aeb92ab67526444628eb780f7417ec4212f8d0ec4aa2b3770558ea9e3f9", kill_on_drop: false }`
[INFO] running `Command { std: "docker" "rm" "-f" "f8059aeb92ab67526444628eb780f7417ec4212f8d0ec4aa2b3770558ea9e3f9", kill_on_drop: false }`
[INFO] [stdout] f8059aeb92ab67526444628eb780f7417ec4212f8d0ec4aa2b3770558ea9e3f9
